{"id":17608,"date":"2020-12-18T18:23:04","date_gmt":"2020-12-18T21:23:04","guid":{"rendered":"https:\/\/guiaparalapazinterior.com\/cursos\/?page_id=17608"},"modified":"2021-01-22T13:51:03","modified_gmt":"2021-01-22T16:51:03","slug":"preguntas_frecuentes","status":"publish","type":"page","link":"https:\/\/guiaparalapazinterior.com\/cursos\/preguntas_frecuentes\/","title":{"rendered":"Preguntas frecuentes"},"content":{"rendered":"\n<div class=\"wp-block-group\"><div class=\"wp-block-group__inner-container is-layout-flow wp-block-group-is-layout-flow\">\n<h2 class=\"wp-block-heading\">Preguntas frecuentes<\/h2>\n\n\n<\/div><\/div>\n\n\n\n<h2 class=\"wp-block-heading\">\u00bfA\u00fan no puedes resolver tu problema?<\/h2>\n\n\n\n<p>Escr\u00edbenos a <a href=\"mailto:info@guiaparalapazinterior.com\" target=\"_blank\" rel=\"noreferrer noopener\">info@guiaparalapazinterior.com<\/a><\/p>\n\n\n\n<p>O cont\u00e1ctanos por whatsapp aqu\u00ed: <a href=\"https:\/\/cutt.ly\/jyfhl5y\" data-type=\"URL\" data-id=\"https:\/\/cutt.ly\/jyfhl5y\" target=\"_blank\" rel=\"noreferrer noopener\">quiero ayuda<\/a><\/p>\n","protected":false},"excerpt":{"rendered":"<p>Preguntas frecuentes \u00bfA\u00fan no puedes resolver tu problema? Escr\u00edbenos a info@guiaparalapazinterior.com O cont\u00e1ctanos por whatsapp aqu\u00ed: quiero ayuda<\/p>\n","protected":false},"author":88,"featured_media":0,"parent":0,"menu_order":0,"comment_status":"closed","ping_status":"closed","template":"","meta":{"_bbp_topic_count":0,"_bbp_reply_count":0,"_bbp_total_topic_count":0,"_bbp_total_reply_count":0,"_bbp_voice_count":0,"_bbp_anonymous_reply_count":0,"_bbp_topic_count_hidden":0,"_bbp_reply_count_hidden":0,"_bbp_forum_subforum_count":0,"footnotes":""},"class_list":["post-17608","page","type-page","status-publish","hentry"],"_links":{"self":[{"href":"https:\/\/guiaparalapazinterior.com\/cursos\/wp-json\/wp\/v2\/pages\/17608","targetHints":{"allow":["GET"]}}],"collection":[{"href":"https:\/\/guiaparalapazinterior.com\/cursos\/wp-json\/wp\/v2\/pages"}],"about":[{"href":"https:\/\/guiaparalapazinterior.com\/cursos\/wp-json\/wp\/v2\/types\/page"}],"author":[{"embeddable":true,"href":"https:\/\/guiaparalapazinterior.com\/cursos\/wp-json\/wp\/v2\/users\/88"}],"replies":[{"embeddable":true,"href":"https:\/\/guiaparalapazinterior.com\/cursos\/wp-json\/wp\/v2\/comments?post=17608"}],"version-history":[{"count":10,"href":"https:\/\/guiaparalapazinterior.com\/cursos\/wp-json\/wp\/v2\/pages\/17608\/revisions"}],"predecessor-version":[{"id":17997,"href":"https:\/\/guiaparalapazinterior.com\/cursos\/wp-json\/wp\/v2\/pages\/17608\/revisions\/17997"}],"wp:attachment":[{"href":"https:\/\/guiaparalapazinterior.com\/cursos\/wp-json\/wp\/v2\/media?parent=17608"}],"curies":[{"name":"wp","href":"https:\/\/api.w.org\/{rel}","templated":true}]}}