{"id":3,"date":"2019-10-13T16:26:34","date_gmt":"2019-10-13T19:26:34","guid":{"rendered":"http:\/\/guiaparalapazinterior.com\/cursos\/?page_id=3"},"modified":"2021-05-22T10:14:11","modified_gmt":"2021-05-22T13:14:11","slug":"politica-privacidad","status":"publish","type":"page","link":"https:\/\/guiaparalapazinterior.com\/cursos\/politica-privacidad\/","title":{"rendered":"Pol\u00edticas de privacidad"},"content":{"rendered":"\n<p><strong>POL\u00cdTICA DE PRIVACIDAD PARA EL TRATAMIENTO DE DATOS PERSONALES<\/strong><\/p>\n\n\n\n<p>En <strong>GUIA PARA LA PAZ INTERIOR<\/strong> es fundamental la protecci\u00f3n de sus Datos Personales, por lo que a continuaci\u00f3n nos permitimos informarle a los Titulares, aquellos temas relevantes sobre el Tratamiento de Datos Personales que realizamos, de conformidad con lo dispuesto el marco legal vigente en materia de protecci\u00f3n de Datos Personales o aquellas que las sustituyan, modifiquen o complementen.<\/p>\n\n\n\n<p>Esta <strong>POL\u00cdTICA PARA EL TRATAMIENTO DE DATOS PERSONALES<\/strong>, tiene como <strong>OBJETIVO<\/strong> \u201cEstablecer los criterios para la recolecci\u00f3n, almacenamiento, uso, circulaci\u00f3n y supresi\u00f3n que se dar\u00e1 a los datos personales tratados por <strong>GUIA PARA LA PAZ INTERIOR<\/strong>. \u201c<\/p>\n\n\n\n<p><strong>ALCANCE<\/strong>: Esta pol\u00edtica aplica para toda la informaci\u00f3n personal registrada en las bases de datos de <strong>GUIA PARA LA PAZ INTERIOR<\/strong> quien act\u00faa en calidad de responsable del tratamiento de los datos personales.<\/p>\n\n\n\n<p><strong>OBLIGACIONES:<\/strong> Esta pol\u00edtica es de obligatorio y estricto cumplimiento para <strong>GUIA PARA LA PAZ INTERIOR.<\/strong><strong><\/strong><\/p>\n\n\n\n<p><strong>RESPONSABLE DEL TRATAMIENTO<\/strong>: <strong>GUIA PARA LA PAZ INTERIOR<\/strong> actuar\u00e1 como Responsable del Tratamiento), con domicilio principal en la Austria 2033 de la ciudad de Buenos Aires, Rep\u00fablica Argentina P\u00e1gina www.guiaparalapazinterior.com Tel\u00e9fono +5491140988011 en la ciudad de Buenos Aires,<\/p>\n\n\n\n<p><strong>TRATAMIENTO Y FINALIDAD<\/strong>: El tratamiento que realizar\u00e1<strong> GUIA PARA LA PAZ INTERIOR<\/strong> con la informaci\u00f3n personal ser\u00e1 el siguiente:<\/p>\n\n\n\n<p>La recolecci\u00f3n, almacenamiento, uso, circulaci\u00f3n&nbsp; para ofrecer cursos, seminarios, env\u00edo de informaci\u00f3n de productos, inscripciones, actualizar informaci\u00f3n, invitaciones a eventos.<\/p>\n\n\n\n<p><strong>TRATAMIENTO DE DATOS SENSIBLES:<\/strong> Gu\u00eda para la Paz Interior no hace uso, recolecci\u00f3n ni tratamiento de datos sensibles.<\/p>\n\n\n\n<p><strong>DERECHOS DE LOS TITULARES<\/strong>: Como titular de sus datos personales Usted tiene derecho a:<\/p>\n\n\n\n<p>(i) Acceder de forma gratuita a los datos proporcionados que hayan sido objeto de tratamiento.<\/p>\n\n\n\n<p>(ii) Conocer, actualizar y rectificar su informaci\u00f3n frente a datos parciales, inexactos, incompletos, fraccionados, que induzcan a error, o aquellos cuyo tratamiento est\u00e9 prohibido o no haya sido autorizado.<\/p>\n\n\n\n<p>(iii) Solicitar prueba de la autorizaci\u00f3n otorgada.<\/p>\n\n\n\n<p>(iv) Presentar ante las entidades competentes quejas por infracciones a lo dispuesto en la normatividad vigente.<\/p>\n\n\n\n<p>(v) Revocar la autorizaci\u00f3n y\/o solicitar la supresi\u00f3n del dato, siempre que no exista un deber legal o contractual que impida eliminarlos.<\/p>\n\n\n\n<p>&nbsp;(vi) Abstenerse de responder las preguntas sobre datos sensibles.<\/p>\n\n\n\n<p>Tendr\u00e1 car\u00e1cter facultativo las respuestas que versen sobre datos sensibles o sobre datos de las ni\u00f1as y ni\u00f1os y adolescentes.<\/p>\n\n\n\n<p><strong>ATENCI\u00d3N DE PETICIONES, CONSULTAS Y RECLAMOS<\/strong> El \u00e1rea de atenci\u00f3n al cliente es la dependencia que tiene a cargo dar tr\u00e1mite a las solicitudes de los titulares para hacer efectivos sus derechos.<\/p>\n\n\n\n<p>Por cualquier petici\u00f3n, consulta o reclamo contactarse +57 314 3655585 al&nbsp; o escribir a info@guiaparalapazinterior.com<\/p>\n\n\n\n<p><strong>PROCEDIMIENTO PARA EL EJERCICIO DEL DERECHO DE HABEAS DATA<\/strong> En cumplimiento de las normas sobre protecci\u00f3n de datos personales, GUIA PARA LA PAZ INTERIOR actuar\u00e1 como responsable del Tratamiento). Por lo tanto se presenta a continuaci\u00f3n el procedimiento y los requisitos m\u00ednimos para el ejercicio de sus derecho, as\u00ed:<\/p>\n\n\n\n<p>Para la radicaci\u00f3n y atenci\u00f3n de su solicitud le solicitamos suministrar la siguiente informaci\u00f3n:<\/p>\n\n\n\n<p>Nombre completo y apellidos Datos de contacto (Direcci\u00f3n f\u00edsica y\/o electr\u00f3nica y tel\u00e9fonos de contacto), Medios para recibir respuesta a su solicitud, Motivo(s)\/hecho(s) que dan lugar al reclamo con una breve descripci\u00f3n del derecho que desea ejercer (conocer, actualizar, rectificar, solicitar prueba de la autorizaci\u00f3n otorgada, revocarla, suprimir, acceder a la informaci\u00f3n) Firma (si aplica) y n\u00famero de identificaci\u00f3n.<\/p>\n\n\n\n<p>El t\u00e9rmino m\u00e1ximo previsto por la ley para resolver su reclamaci\u00f3n es de quince (15) d\u00edas h\u00e1biles, contado a partir del d\u00eda siguiente a la fecha de su recibo. Cuando no fuere posible atender el reclamo dentro de dicho t\u00e9rmino, GUIA PARA LA PAZ INTERIOR actuar\u00e1 como Responsable del Tratamiento, y le informara al interesado los motivos de la demora y la fecha en que se atender\u00e1 su reclamo, la cual en ning\u00fan caso podr\u00e1 superar los ocho (8) d\u00edas h\u00e1biles siguientes al vencimiento del primer t\u00e9rmino.<\/p>\n\n\n\n<p>Una vez cumplidos los t\u00e9rminos, el Titular al que se deniegue, total o parcialmente, el ejercicio de los derechos de acceso, actualizaci\u00f3n, rectificaci\u00f3n, supresi\u00f3n y revocaci\u00f3n, podr\u00e1 poner su caso en conocimiento de las entidades competentes .<\/p>\n\n\n\n<p><strong>Cookies<br><\/strong><br>Una cookie se refiere a un fichero que es enviado con la finalidad de solicitar permiso para almacenarse en su ordenador, al aceptar dicho fichero se crea y la cookie sirve entonces para tener informaci\u00f3n respecto al tr\u00e1fico web, y tambi\u00e9n facilita las futuras visitas a una web recurrente. Otra funci\u00f3n que tienen las cookies es que con ellas las web pueden reconocerte individualmente y por tanto brindarte el mejor servicio personalizado de su web.<br><br>Nuestro sitio web emplea las cookies para poder identificar las p\u00e1ginas que son visitadas y su frecuencia. Esta informaci\u00f3n es empleada \u00fanicamente para an\u00e1lisis estad\u00edstico y despu\u00e9s la informaci\u00f3n se elimina de forma permanente. Usted puede eliminar las cookies en cualquier momento desde su ordenador.<\/p>\n\n\n\n<p>Sin embargo las cookies ayudan a proporcionar un mejor servicio de los sitios web, est\u00e1s no dan acceso a informaci\u00f3n de su ordenador ni de usted, a menos de que usted as\u00ed lo quiera y la proporcione directamente.<\/p>\n\n\n\n<p>Usted puede aceptar o negar el uso de cookies, sin embargo la mayor\u00eda de navegadores aceptan cookies autom\u00e1ticamente pues sirve para tener un mejor servicio web. Tambi\u00e9n usted puede cambiar la configuraci\u00f3n de su ordenador para declinar las cookies. Si se declinan es posible que no pueda utilizar algunos de nuestros servicios.<br><br><\/p>\n\n\n\n<p><strong>ENLACES A TERCEROS<br><br><\/strong><\/p>\n\n\n\n<p>Este sitio web pudiera contener en laces a otros sitios que pudieran ser de su inter\u00e9s. Una vez que usted de clic en estos enlaces y abandone nuestra p\u00e1gina, ya no tenemos control sobre al sitio al que es redirigido y por lo tanto no somos responsables de los t\u00e9rminos o privacidad ni de la protecci\u00f3n de sus datos en esos otros sitios terceros. Dichos sitios est\u00e1n sujetos a sus propias pol\u00edticas de privacidad por lo cual es recomendable que los consulte para confirmar que usted est\u00e1 de acuerdo con estas.<br><br><br><\/p>\n\n\n\n<p><strong>VIGENCIA:<\/strong> La presente Pol\u00edtica para el Tratamiento de Datos Personales rige a partir del 07 de mayo de 2021.<\/p>\n\n\n\n<p>Las bases de datos en las que se registrar\u00e1n los datos personales tendr\u00e1n una vigencia igual al tiempo en que se mantenga y utilice la informaci\u00f3n para las finalidades descritas en esta pol\u00edtica. Una vez se cumplan esas finalidades y siempre que no exista un deber legal o contractual de conservar su informaci\u00f3n, sus datos ser\u00e1n eliminados de nuestras bases de datos.<\/p>\n","protected":false},"excerpt":{"rendered":"<p>POL\u00cdTICA DE PRIVACIDAD PARA EL TRATAMIENTO DE DATOS PERSONALES En GUIA PARA LA PAZ INTERIOR es fundamental la protecci\u00f3n de [&hellip;]<\/p>\n","protected":false},"author":1,"featured_media":0,"parent":0,"menu_order":0,"comment_status":"closed","ping_status":"closed","template":"","meta":{"_bbp_topic_count":0,"_bbp_reply_count":0,"_bbp_total_topic_count":0,"_bbp_total_reply_count":0,"_bbp_voice_count":0,"_bbp_anonymous_reply_count":0,"_bbp_topic_count_hidden":0,"_bbp_reply_count_hidden":0,"_bbp_forum_subforum_count":0,"footnotes":""},"class_list":["post-3","page","type-page","status-publish","hentry"],"_links":{"self":[{"href":"https:\/\/guiaparalapazinterior.com\/cursos\/wp-json\/wp\/v2\/pages\/3","targetHints":{"allow":["GET"]}}],"collection":[{"href":"https:\/\/guiaparalapazinterior.com\/cursos\/wp-json\/wp\/v2\/pages"}],"about":[{"href":"https:\/\/guiaparalapazinterior.com\/cursos\/wp-json\/wp\/v2\/types\/page"}],"author":[{"embeddable":true,"href":"https:\/\/guiaparalapazinterior.com\/cursos\/wp-json\/wp\/v2\/users\/1"}],"replies":[{"embeddable":true,"href":"https:\/\/guiaparalapazinterior.com\/cursos\/wp-json\/wp\/v2\/comments?post=3"}],"version-history":[{"count":2,"href":"https:\/\/guiaparalapazinterior.com\/cursos\/wp-json\/wp\/v2\/pages\/3\/revisions"}],"predecessor-version":[{"id":21678,"href":"https:\/\/guiaparalapazinterior.com\/cursos\/wp-json\/wp\/v2\/pages\/3\/revisions\/21678"}],"wp:attachment":[{"href":"https:\/\/guiaparalapazinterior.com\/cursos\/wp-json\/wp\/v2\/media?parent=3"}],"curies":[{"name":"wp","href":"https:\/\/api.w.org\/{rel}","templated":true}]}}

Políticas de privacidad

<p><strong>POLÍTICA DE PRIVACIDAD PARA EL TRATAMIENTO DE DATOS PERSONALES</strong></p>



<p>En <strong>GUIA PARA LA PAZ INTERIOR</strong> es fundamental la protección de sus Datos Personales, por lo que a continuación nos permitimos informarle a los Titulares, aquellos temas relevantes sobre el Tratamiento de Datos Personales que realizamos, de conformidad con lo dispuesto el marco legal vigente en materia de protección de Datos Personales o aquellas que las sustituyan, modifiquen o complementen.</p>



<p>Esta <strong>POLÍTICA PARA EL TRATAMIENTO DE DATOS PERSONALES</strong>, tiene como <strong>OBJETIVO</strong> “Establecer los criterios para la recolección, almacenamiento, uso, circulación y supresión que se dará a los datos personales tratados por <strong>GUIA PARA LA PAZ INTERIOR</strong>. “</p>



<p><strong>ALCANCE</strong>: Esta política aplica para toda la información personal registrada en las bases de datos de <strong>GUIA PARA LA PAZ INTERIOR</strong> quien actúa en calidad de responsable del tratamiento de los datos personales.</p>



<p><strong>OBLIGACIONES:</strong> Esta política es de obligatorio y estricto cumplimiento para <strong>GUIA PARA LA PAZ INTERIOR.</strong><strong></strong></p>



<p><strong>RESPONSABLE DEL TRATAMIENTO</strong>: <strong>GUIA PARA LA PAZ INTERIOR</strong> actuará como Responsable del Tratamiento), con domicilio principal en la Austria 2033 de la ciudad de Buenos Aires, República Argentina Página www.guiaparalapazinterior.com Teléfono +5491140988011 en la ciudad de Buenos Aires,</p>



<p><strong>TRATAMIENTO Y FINALIDAD</strong>: El tratamiento que realizará<strong> GUIA PARA LA PAZ INTERIOR</strong> con la información personal será el siguiente:</p>



<p>La recolección, almacenamiento, uso, circulación&nbsp; para ofrecer cursos, seminarios, envío de información de productos, inscripciones, actualizar información, invitaciones a eventos.</p>



<p><strong>TRATAMIENTO DE DATOS SENSIBLES:</strong> Guía para la Paz Interior no hace uso, recolección ni tratamiento de datos sensibles.</p>



<p><strong>DERECHOS DE LOS TITULARES</strong>: Como titular de sus datos personales Usted tiene derecho a:</p>



<p>(i) Acceder de forma gratuita a los datos proporcionados que hayan sido objeto de tratamiento.</p>



<p>(ii) Conocer, actualizar y rectificar su información frente a datos parciales, inexactos, incompletos, fraccionados, que induzcan a error, o aquellos cuyo tratamiento esté prohibido o no haya sido autorizado.</p>



<p>(iii) Solicitar prueba de la autorización otorgada.</p>



<p>(iv) Presentar ante las entidades competentes quejas por infracciones a lo dispuesto en la normatividad vigente.</p>



<p>(v) Revocar la autorización y/o solicitar la supresión del dato, siempre que no exista un deber legal o contractual que impida eliminarlos.</p>



<p>&nbsp;(vi) Abstenerse de responder las preguntas sobre datos sensibles.</p>



<p>Tendrá carácter facultativo las respuestas que versen sobre datos sensibles o sobre datos de las niñas y niños y adolescentes.</p>



<p><strong>ATENCIÓN DE PETICIONES, CONSULTAS Y RECLAMOS</strong> El área de atención al cliente es la dependencia que tiene a cargo dar trámite a las solicitudes de los titulares para hacer efectivos sus derechos.</p>



<p>Por cualquier petición, consulta o reclamo contactarse +57 314 3655585 al&nbsp; o escribir a info@guiaparalapazinterior.com</p>



<p><strong>PROCEDIMIENTO PARA EL EJERCICIO DEL DERECHO DE HABEAS DATA</strong> En cumplimiento de las normas sobre protección de datos personales, GUIA PARA LA PAZ INTERIOR actuará como responsable del Tratamiento). Por lo tanto se presenta a continuación el procedimiento y los requisitos mínimos para el ejercicio de sus derecho, así:</p>



<p>Para la radicación y atención de su solicitud le solicitamos suministrar la siguiente información:</p>



<p>Nombre completo y apellidos Datos de contacto (Dirección física y/o electrónica y teléfonos de contacto), Medios para recibir respuesta a su solicitud, Motivo(s)/hecho(s) que dan lugar al reclamo con una breve descripción del derecho que desea ejercer (conocer, actualizar, rectificar, solicitar prueba de la autorización otorgada, revocarla, suprimir, acceder a la información) Firma (si aplica) y número de identificación.</p>



<p>El término máximo previsto por la ley para resolver su reclamación es de quince (15) días hábiles, contado a partir del día siguiente a la fecha de su recibo. Cuando no fuere posible atender el reclamo dentro de dicho término, GUIA PARA LA PAZ INTERIOR actuará como Responsable del Tratamiento, y le informara al interesado los motivos de la demora y la fecha en que se atenderá su reclamo, la cual en ningún caso podrá superar los ocho (8) días hábiles siguientes al vencimiento del primer término.</p>



<p>Una vez cumplidos los términos, el Titular al que se deniegue, total o parcialmente, el ejercicio de los derechos de acceso, actualización, rectificación, supresión y revocación, podrá poner su caso en conocimiento de las entidades competentes .</p>



<p><strong>Cookies<br></strong><br>Una cookie se refiere a un fichero que es enviado con la finalidad de solicitar permiso para almacenarse en su ordenador, al aceptar dicho fichero se crea y la cookie sirve entonces para tener información respecto al tráfico web, y también facilita las futuras visitas a una web recurrente. Otra función que tienen las cookies es que con ellas las web pueden reconocerte individualmente y por tanto brindarte el mejor servicio personalizado de su web.<br><br>Nuestro sitio web emplea las cookies para poder identificar las páginas que son visitadas y su frecuencia. Esta información es empleada únicamente para análisis estadístico y después la información se elimina de forma permanente. Usted puede eliminar las cookies en cualquier momento desde su ordenador.</p>



<p>Sin embargo las cookies ayudan a proporcionar un mejor servicio de los sitios web, estás no dan acceso a información de su ordenador ni de usted, a menos de que usted así lo quiera y la proporcione directamente.</p>



<p>Usted puede aceptar o negar el uso de cookies, sin embargo la mayoría de navegadores aceptan cookies automáticamente pues sirve para tener un mejor servicio web. También usted puede cambiar la configuración de su ordenador para declinar las cookies. Si se declinan es posible que no pueda utilizar algunos de nuestros servicios.<br><br></p>



<p><strong>ENLACES A TERCEROS<br><br></strong></p>



<p>Este sitio web pudiera contener en laces a otros sitios que pudieran ser de su interés. Una vez que usted de clic en estos enlaces y abandone nuestra página, ya no tenemos control sobre al sitio al que es redirigido y por lo tanto no somos responsables de los términos o privacidad ni de la protección de sus datos en esos otros sitios terceros. Dichos sitios están sujetos a sus propias políticas de privacidad por lo cual es recomendable que los consulte para confirmar que usted está de acuerdo con estas.<br><br><br></p>



<p><strong>VIGENCIA:</strong> La presente Política para el Tratamiento de Datos Personales rige a partir del 07 de mayo de 2021.</p>



<p>Las bases de datos en las que se registrarán los datos personales tendrán una vigencia igual al tiempo en que se mantenga y utilice la información para las finalidades descritas en esta política. Una vez se cumplan esas finalidades y siempre que no exista un deber legal o contractual de conservar su información, sus datos serán eliminados de nuestras bases de datos.</p>

<p>POLÍTICA DE PRIVACIDAD PARA EL TRATAMIENTO DE DATOS PERSONALES En GUIA PARA LA PAZ INTERIOR es fundamental la protección de [&hellip;]</p>
